(27 - 23) - (-1 - -12).
-5
Calculate 33 + -36 - (-2 + 4 + -5).
0
What is the value of 1 + -6 + 13 - 7?
1
Calculate -2 - 1 - (4 - 3 - 10).
6
(-9 - -2) + 8 - (-1 - -4)
-2
-23 + 29 - (5 + -1)
2
Evaluate 3 - (0 - (1 - -1)).
5
0 + -8 + 7 + -5
-6
2 + -4 + 0 + 2
0
Calculate 0 - 5 - (15 + -4 - 10).
-6
Calculate 0 - (-3 + -4 + 3).
4
What is the value of (-9 - -14) + -12 - 1?
-8
7 + (12 - (-12 + 28))
3
What is the value of -7 + (-5 - -10 - 2)?
-4
(-5 - (6 + -5)) + 4
-2
What is the value of -1 - (0 - 1) - 4?
-4
Calculate 36 + -34 + 3 + 1.
6
-1 + (-3 - -4) + -6 + 3
-3
Evaluate (-4 - 0 - (-20 + 16)) + 8.
8
What is the value of 8 + -4 + (7 - 12) + -3?
-4
What is the value of (11 - 10) + 0 + -8?
-7
Calculate 3 + 1 + 0 + (-4 - 0).
0
Evaluate 0 - ((-4 - 1) + 1 - -2).
2
Calculate 0 + (-6 - -3) + 2 + 4.
3
What is the value of (19 - 17) + -4 + -1?
-3
What is the value of (1 - 2) + -39 + 40?
0
What is the value of (-25 - -31) + (0 - 2)?
4
Evaluate 4 + (5 - 3) + (0 - 2).
4
What is -2 + (3 - (3 + -1)) + -2?
-3
What is (-5 - -9) + 0 + -9?
-5
What is the value of -9 + 7 + 2 + 3 + 2?
5
-5 - ((-2 - -5) + 1 + -5)
-4
Calculate (7 + -15 - -17) + -9.
0
Calculate (-4 - -11) + (-3 - 3).
1
What is 0 + (1 + -4 - (2 - 1))?
-4
Calculate (-9 + 4 - 4) + 8.
-1
Evaluate -3 + 1 + (-4 - -4).
-2
What is the value of 8 - (3 - ((0 - 4) + 2))?
3
-16 - -2 - (-23 - -14)
-5
Calculate 0 + 1 - (-10 + 12 - 3).
2
What is -3 + (7 - (4 - 8)) - 3?
5
Evaluate 2 + -2 + 3 + 1.
4
What is the value of (-5 - (1 + -1)) + 2?
-3
What is -5 - (-6 - 0 - (-8 + 4))?
-3
Calculate -3 - 4 - -1 - (7 + -17).
4
(0 - -9 - -1) + -3
7
Evaluate 4 - 4 - 5 - 2.
-7
Evaluate 3 - (-3 - 0 - (1 - 2)).
5
Evaluate 1 + -7 + (-2 - -3).
-5
What is the value of 10 + -6 + 5 + -5?
4
(7 - 1) + -9 - (-2 - -4)
-5
Calculate -1 + (2 - 4) + -4 - -1.
-6
What is (3 - (3 + -4)) + -3?
1
Evaluate -2 - (-6 - -1 - (-3 + 1)).
1
What is -4 - (-7 + -4 + 8)?
-1
Evaluate (-5 - (3 + -3)) + 5 + -6.
-6
-6 + 4 - (-6 + 1 + 6)
-3
4 + 0 + 2 + 0 + -5
1
Calculate (4 - 8) + (-5 + 2 - -12).
5
Calculate -1 - (3 + -6 + -1).
3
3 + 7 + (-12 - -10)
8
Calculate 6 + -12 - -12 - 7.
-1
Evaluate -12 - -8 - (-6 - 1).
3
What is the value of -2 - (2 + 0 - (9 - -1))?
6
What is the value of (0 + 10 - 4) + -5?
1
Evaluate -5 - (-6 + -5 + 1).
5
What is the value of 11 - (11 - (2 + 3) - 6)?
11
What is 4 - (-5 + (-2 - -5 - -6))?
0
What is 1 - -9 - (-6 - 3 - -14)?
5
What is the value of (2 - 1) + -3 + (-65 - -72)?
5
Evaluate -7 - (2 - (4 - (-4 - -4))).
-5
Evaluate 0 - ((3 - -2) + -7 - -3).
-1
What is (11 + -6 - 5) + 6?
6
What is the value of (1 - -2) + 2 - 1?
4
Evaluate 0 - (7 + (-5 - (-1 - 1))).
-4
4 - (1 + 2 + 2)
-1
What is -11 + 12 + -3 + 2?
0
Calculate -64 + 67 + (-1 - 0 - -2).
4
14 + 2 + -27 + 13
2
-19 + (2 - (-12 + 4))
-9
Calculate -5 + (0 - -13 - (-16 - -19)).
5
What is the value of -27 - -20 - (1 + -5)?
-3
Calculate 3 + (-8 - -6) + 5.
6
Calculate 6 + (5 - (8 - 1) - -4).
8
Evaluate -13 + (-12 - -38) + -16.
-3
What is 1 + (-7 - -5 - 4)?
-5
-16 + 20 - (3 - 1)
2
Evaluate (7 - -6 - 14) + 1 + 0.
0
Evaluate (-4 - -2) + 0 + 5.
3
Calculate -6 + (-4 - -7) + 6.
3
What is the value of 100 + -106 + (0 - -8)?
2
11 + -14 + 4 - -7
8
Evaluate 2 + (1 - -6 - 0) + -5.
4
What is the value of 7 - 4 - (4 - 1)?
0
1 + -3 - (9 + -3 + -7)
-1
What is the value of 1 - (-2 + (1 - -4) + 6)?
-8
3 - (6 + (-6 - -5))
-2
(-2 - 2) + -4 - -4 - -3
-1
-5 - 2 - -5 - (-4 - 1)
3
Calculate -13 + (4 - 3) - (6 + -14).
-4
Evaluate (4 - 3) + 0 - (-1 - 1).
3
2 - ((-8 - -8) + -1)
3
What is the value of (11 - 6 - 7) + 6 + -3?
1
What is the value of -6 + (-3 - -17) - 4?
4
What is (-15 + 6 - -1) + (1 - -4)?
-3
Evaluate -1 + (2 - -1 - 2) - 1.
-1
What is the value of -20 + 15 - (-13 + -1)?
9
What is 8 + (8 - 9 - 4)?
3
Calculate 7 - (0 + 2) - 6.
-1
(14 - 8 - 9) + (3 - 2)
-2
Evaluate -5 - (1 - -1 - 2 - 4).
-1
What is the value of -6 + 2 + 6 - (2 + -7)?
7
Calculate -5 + -1 + (7 - 5).
-4
Evaluate -2 - ((3 - (0 + 6)) + 2).
-1
Evaluate -2 + 2 - 2 - (-4 + 2).
0
3 + (-10 - -2 - (0 + 0))
-5
(-9 - (-6 + -4)) + -11
-10
74 - 82 - (-1 + (-3 - -2))
-6
Evaluate 2 - (-1 + (2 - 4)).
5
Calculate 2 + (10 + -10 - 7).
-5
What is (8 + -7 - 4) + 3 - -5?
5
Calculate -1 + 1 - (1 + 0 + 0).
-1
Calculate 3 - (3 - (2 - 0)) - 2.
0
(0 + 2 - (0 - 0)) + 1
3
What is -6 - (6 + -17) - 8?
-3
What is -7 - -1 - -2 - -12?
8
Evaluate (-7 - -5) + 5 - (0 + 4).
-1
What is the value of 5 - (-3 + -5 + 11)?
2
Evaluate 0 + -2 - (9 + -5 - 9).
3
-1 - -3 - ((2 - -3) + 0)
-3
What is the value of -5 - 5 - (-10 + 0 + 5)?
-5
Evaluate 10 + -6 + (6 - 9).
1
What is 40 - 39 - (3 - 2 - 8)?
8
(1 - -2) + (-7 - 1) + 8
3
Evaluate 5 + (4 - 13) + 0.
-4
Evaluate 3 + -9 + 4 + 2 + -3.
-3
Calculate 7 + -1 + (8 - 16) + 4.
2
Calculate (-1 - 0) + 4 - (45 + -44).
2
What is (0 - -3 - (93 - 83)) + 8?
1
What is 3 - (6 - (-5 - -2 - -1))?
-5
What is the value of 1 + 3 - (-6 - (-13 + 2))?
-1
What is 1 + (-3 - 2 - -5)?
1
4 + -4 - (-2 + 1)
1
Evaluate 2 - (0 - (-2 + -1 - 0)).
-1
Calculate -5 - -10 - (-1 + 3).
3
Evaluate 2 + -8 + 8 + 2 + 1.
5
Calculate 57 - 57 - (0 - (8 - 1)).
7
Evaluate (-14 - -11) + -2 - (0 + 1).
-6
What is the value of (2 - 1) + (-4 - -2) - -4?
3
What is 3 + -8 + 3 + 2 - 3?
-3
What is -18 + (-2 - -1) + 13?
-6
Calculate 0 + -10 + (139 - 118).
11
Calculate 13 - ((12 - -12) + -15).
4
-4 + 8 + -7 + 8
5
What is the value of 11 + 1 + 8 + -10?
10
What is 18 + -31 + 6 - (-1 + -5)?
-1
What is 2 - (1 - (-1 - -1))?
1
What is the value of 3 - (-2 - (-1 + -1))?
3
Calculate (-5 - -2) + (-1 - -2).
-2
What is the value of -2 + -1 + 2 - (0 - -4)?
-5
Calculate 55 + -59 + (4 - (0 + -1)).
1
(12 - 18) + 10 + -9
-5
What is the value of -1 - 10 - (14 + -17) - -6?
-2
What is (-1 + 1 - 5) + 5 - -4?
4
What is the value of 10 - 14 - (3 + -2) - 4?
-9
Calculate -3 + 5 + -3 + 10.
9
What is the value of -208 + 200 + (7 - 1)?
-2
What is the value of 4 + -4 - (1 + -3)?
2
What is the value of (-7 - -10 - 9) + (1 - -1)?
-4
Evaluate -2 - (0 + (-6 + 12 - 2)).
-6
Calculate 0 + 1 + 3 + 1 + -10.
-5
What is 24 - 26 - (-1 - 2)?
1
(-11 - (8 + -26)) + -1 + -1
5
Calculate (3 - -11) + (-24 - -11 - -8).
9
What is (0 - (3 - 4)) + -3 + -3?
-5
What is the value of 8 + (-1 - (8 + -8)) + -15?
-8
Evaluate 0 + -8 + 1 - -9.
2
7 + -2 + -2 - 3
0
What is (7 - -2) + -20 + 16?
5
5 + -6 + 1 - -2
2
(-2 - 3) + -15 + 19 - 5
-6
Evaluate (8 - (-8 + 8)) + -8.
0
What is -29 - -22 - (-2 + 1)?
-6
What is the value of -1 + 7 + 7 + -13 + -4?
-4
Evaluate -2 + (52 + -46 - (2 - 1)).
3
-13 + 9 + (4 + -2 - 0)
-2
What is the value of (-2 - (2 + 0)) + -1?
-5
Evaluate -1 + 0 + (-14 - -14).
-1
What is -4 + 1 + (10 - (-2 + 6))?
3
What is the value of -24 + 31 - 14 - (1 - 4)?
-4
Calculate -1 + (4 - 6 - (-1 + 0)).
-2
Evaluate 6 - ((-6 - -4 - -3) + 2).
3
2 + -5 - (5 - (1 - -3))
-4
Calculate 8 + 0 + (50 - 53).
5
Calculate (-13 - -9) + -5 + 10.
1
130 + -132 - (1 + 0)
-3
Evaluate 8 - 2 - (1 + (13 - 10)).
2
What is the value of -4 - (9 + -1 + -2 + 1)?
-11
Evaluate 8 + -6 + 4 + -2 + 0.
4
What is 0 + -1 + (-1 + -1 - -3)?
0
-12 + 21 - (0 - -4)
5
What is -5 - ((1 - (-1 - -1)) + -4)?
-2
What is (12 - 12 - -2) + -6?
-4
What is 3 + 5 + 4 + -14?
-2
What is the value of -5 + (-2 - (-8 + (3 - 1)))?
-1
2 + (-1 - 3) - -5
3
What is (5 - 0) + (-9 - -9)?
5
Evaluate (8 + -10 - -7) + -2.
3
What is the value of 54 + -47 - (1 - -11)?
-5
What is 4 + -5 + -6 + 4?
-3
Calculate -1 - (-4 + -1) - (5 - 0).
-1
(-4 + -1 - -6 - 2) + -4
-5
Calculate 12 - 0 - (24 - 14).
2
Evaluate (-5 - (4 - 21 - -8)) + 7.
11
What is -3 + 8 + 1 - (30 - 24)?
0
Calculate (17 - (5 - -7)) + (1 - 4).
2
What is (-2 - (-9 + (-1 - -4))) + -8?
-4
(4 + -1 - (-9 + 7)) + -8
-3
What is the value of (13 - 9) + (-9 - -2)?
-3
Calculate -11 + 1 + (27 - 21).
-4
What is 9 + (1 - (-4 - -5))?
9
(0 - 5) + (-7 - 0) + 9
-3
Calculate (6 - 18) + (18 - -3).
9
Calculate 28 + -14 - 14 - (-10 - -1).
9
-7 - (-11 - (-3 - 5))
-4
What is the value of (0 - (3 - 4)) + 3 + -1?
3
Calculate -1 + 4 - (-6 + -1 + 9).
1
Calculate 1 - ((-3 - 0) + -4 + 4).
4
What is -1 + (-1 - 1 - (-12 + 11))?
-2
12 - 12 - (0 + 0)
0
Evaluate (-8 + 6 + -2 - 4) + 7.
-1
What is the value of 10 + 4 + -17 + -3?
-6
Evaluate (5 - 3 - (13 + -4)) + 5.
-2
-5 + (-1 - 1 - -1)
-6
What is the value of (0 - -5) + (22 - 28)?
-1
Evaluate 2 + 4 + -3 - 3.
0
Evaluate 0 - (4 + -1 + -4).
1
Evaluate 1 - (12